the prime factors of b.
5, 157
Let c(l) = 5*l**2 - 30*l + 11*l + 20*l - 1. Let f be (-2)/3 + (-2)/6. List the prime factors of c(f).
3
Let a(j) = j**3 + j**2 + 711. List the prime factors of a(0).
3, 79
Let u be 2/(-4) - 52/(-8). List the prime factors of 100/u*18/15.
2, 5
Let d = 420 + -238. List the prime factors of d.
2, 7, 13
Let c(t) = 6*t**2 + 3. Let f be c(2). Suppose -f = -a + 2. List the prime factors of a.
29
Suppose -19*a - 1290 = -24*a. Suppose 4*q - a = -2*q. List the prime factors of q.
43
List the prime factors of (((-16860)/(-25))/(-6))/((-8)/20).
281
Suppose -3*j - 344 = -s, 5*s - 1612 = 2*j + 160. Suppose 16*r - 20*r = -s. List the prime factors of r.
89
Let u be (204/(-36))/(2/(-6)). Suppose 3*k = 2*p - 0 - 7, 5*p = -4*k - u. List the prime factors of 2/(-2)*-22 + k.
19
Let s(o) = o**2 + 6*o. Let j be s(-8). What are the prime factors of (-57)/(((-84)/j)/7)?
2, 19
Let n = -507 - -551. List the prime factors of n.
2, 11
Let p(s) = 312*s - 14. Let n be p(4). Suppose -n = -9*b + 368. List the prime factors of b.
2, 89
Let z = 0 + 2. Suppose z*a + 3*c = 12, -a + 4*c = -4*a + 16. Let i(q) = q**3 - q + 49. What are the prime factors of i(a)?
7
Let p(b) = -2*b**2 - 3*b**2 + 19*b - 17 + 7*b**2. List the prime factors of p(-13).
2, 37
What are the prime factors of (11 + -13)*(0 + (-59)/2)?
59
Let s = -47 + 92. Suppose 3*p - 5*n - s = -2*p, p - 5*n = 5. Let z = 23 - p. What are the prime factors of z?
13
Let y(f) = f**3 - 2*f**2 - 3*f + 3. Let z be y(3). Suppose z*i + k = 25, 2*i - 2*k = -0*k + 14. What are the prime factors of i?
2
Suppose 2*v - 1 = -3*w, 3*v - 5 = 5*w + 8*v. Suppose -w*p + 2 = -13. Suppose -3*l + 19 = -p. What are the prime factors of l?
2
Let p = -7 - -1. Let f(y) = y + 9. Let i be f(p). Suppose -i = 3*g - 123. List the prime factors of g.
2, 5
Let n = 9 + -9. Suppose -5*r + 15 = 0, -2*c + 4*r + 100 = -n*c. What are the prime factors of c?
2, 7
What are the prime factors of (1 - -495) + -5 + 15/5?
2, 13, 19
Suppose -4*x + 19 = -65. List the prime factors of 1072/(-28)*-1 - 6/x.
2, 19
Let a(l) = -l - 4. Let o be a(-13). Let k be ((-3)/o)/((-2)/6). List the prime factors of (4 - 3)/(k/23).
23
Let k = 3 - 3. Let s = -8 - k. What are the prime factors of (8/(-6))/(s/108)?
2, 3
Suppose -26 = -2*n - 4*g - 6, -18 = -3*n - 3*g. Suppose -757 = -n*u - 161. List the prime factors of u.
2, 149
Let t = 36 - 24. Let a be (-3)/(-2) - (-54)/t. Suppose -5*c + a*j + 95 = j, 3*c - 42 = -2*j. List the prime factors of c.
2
Let g = 96 + -69. List the prime factors of (-4 + 6 - 3)/((-3)/g).
3
Let t be 25 - (5 + -1) - (-2 + 3). Suppose -10*j + t*j - 2140 = 0. What are the prime factors of j?
2, 107
Let k(u) = 7*u**2 + 12*u - 6*u**2 + 9 - 2*u**2 + 0. Suppose -3*w + 37 = 4*s, 4*w = -2*s + 10 + 6. List the prime factors of k(s).
29
Let x = 14 - 15. Let c be 2 - (-13 - x)/(-4). What are the prime factors of (-86)/((-10)/(6 + c))?
43
Let t(u) = u**3 - 6*u**2 - 6*u + 10. Let z be t(8). Suppose 0 = -4*n - 78 - z. What are the prime factors of n/(-3 - -1) - 0?
3, 7
Suppose 10*o = o + 63. Let p = o + 85. List the prime factors of p.
2, 23
Let c(v) = -53*v + 122. List the prime factors of c(-10).
2, 163
Let g(b) = b**3 - 14*b**2 + 25*b - 114. Let v be g(13). Let x = 4 + 1. Suppose -x*o + 2*o = -v. List the prime factors of o.
2, 7
Let t be (-1)/(-3) + ((-132)/9)/(-4). Suppose 2*c = -c + 12. Suppose -164 = -t*p - c. List the prime factors of p.
2, 5
List the prime factors of (31/10*2)/(26/4030).
31
Let t be -1 - -1 - (-4)/(-2). Suppose 0 = -14*r + 10*r + 16. List the prime factors of 332/r*(3 + t).
83
Suppose -4*q + 2903 = -2*x - 3827, 0 = -3*q + x + 5046. List the prime factors of q.
41
Let s = 24 - -8. Suppose 2 = -2*q + s. What are the prime factors of (q/(-6) + 3)*58?
29
Let f(c) = -6*c + 2. Suppose 3*z - 11 = 4*z. List the prime factors of f(z).
2, 17
Suppose 7*v - 3*v = 640. Suppose -2*u = k - 3*k - v, -3*k = 2*u + 240. Let j = k + 117. List the prime factors of j.
37
Let m = 929 + -54. List the prime factors of m.
5, 7
Suppose -7951 - 19755 = -14*v. List the prime factors of v.
1979
Let l(j) = -2501*j**3 - 5*j**2 - 2*j + 2. List the prime factors of l(-1).
2, 5
Let s = 56 - -165. List the prime factors of s.
13, 17
Let f(r) = -r**3 + 7*r**2 + 2*r - 8. Suppose 1 = -5*s - 14, -3*s = 3*k - 15. Suppose c + m = 12, -2*c + k*m - 4*m = 6. What are the prime factors of f(c)?
2, 3
Suppose -i - 23 = 5*g, 2*g + 5 = 3*i - 2*i. Let j be 81/(-18) - 6/g. List the prime factors of (j + 6 - -25) + -2.
2, 13
Let j(a) = a**3 - 3*a**2 - 5*a + 367. List the prime factors of j(0).
367
Suppose -54*h = -52*h - 16. Suppose -h*f = -4*f - 380. What are the prime factors of f?
5, 19
Suppose g = 6*g - 15. Suppose -43 = g*t - 4*t + 5*u, u + 115 = 3*t. List the prime factors of t.
2, 19
Let a(b) = -14*b - 4. Let o be a(-4). Suppose 4*g = 5*g - o. Suppose -z = -g + 12. List the prime factors of z.
2, 5
Let a be 20/(-6)*(-30)/20. Suppose -3*i - 4*p = -116, -176 = -a*i + 2*p - 0*p. What are the prime factors of 236/9 - 8/i?
2, 13
Let b(a) = a**3 + 18*a**2 + 16*a - 28. List the prime factors of b(-14).
2, 7, 19
Let y = -32 - -105. Suppose -i - 3*b = -y - 27, -5*b = 0. What are the prime factors of i?
2, 5
What are the prime factors of 4/(-48) + (-12194)/(-24)?
2, 127
Let q = -2261 + 2582. What are the prime factors of q?
3, 107
Suppose 11*s = 946 + 2079. List the prime factors of s.
5, 11
Suppose -5*a - 3*j = -159, -2*a + j - 4 + 61 = 0. Suppose -175 = 5*s - a. Let w = -15 - s. List the prime factors of w.
2, 7
Suppose 0 = 6*n + 5377 - 22087. What are the prime factors of n?
5, 557
Let y be 2*9/(-4)*20/(-15). List the prime factors of (6*(-1)/4)/(y/(-8)).
2
Let q(j) = -j**2 - 7*j - 6. Let p be q(-2). Suppose -p*s = -s + 195. Let t = s - -115. What are the prime factors of t?
2, 5
Suppose 3*g - 3 = y + 13, -5*g + 20 = 5*y. Suppose -305 = g*k - 10*k. What are the prime factors of k?
61
Let m(t) = 69*t - 11. Let o be m(4). Let v = -189 + o. List the prime factors of v.
2, 19
Let p(o) be the first derivative of o**4/4 - o**2/2 + 2*o + 8. Let j be p(-2). What are the prime factors of 11*(-1)/(j/8)?
2, 11
Suppose 4*v = 3*u, -u - 7 = -v - 2*u. Suppose -3*o - 3 = v. Let a(k) = -7*k - 2. What are the prime factors of a(o)?
2, 3
Let v(l) = 2*l + 5. Let o be v(-6). Let h = o + 10. Suppose h*f - j = 121, -2*f - 2*j + 77 = 7. What are the prime factors of f?
3, 13
What are the prime factors of ((-8)/(-18) - (-728)/144)*52?
2, 11, 13
Let v be ((-138)/(-18) - 1)*12/(-10). List the prime factors of 198/8*v/(-3).
2, 3, 11
Suppose 7*c - 2*b = 8*c - 143, -429 = -3*c + 2*b. What are the prime factors of c?
11, 13
Suppose 2*y + 4*o = 28, -2*o + 26 = 4*y - 12. Let d be y/3*54/24. Suppose d + 3 = 3*j. List the prime factors of j.
3
Suppose 6*o - 3*o = 12. Let b be 6 - -1 - (-17 - -21). Suppose 0 = o*y - 5*z - 128, 2*z + 105 = b*y + 9. What are the prime factors of y?
2
Let p(g) = -g + 4. Let m be p(2). Suppose 3*z + 2*l + 49 = -m*l, -5*z - 76 = l. List the prime factors of 10/(-4)*78/z.
13
Suppose -4*i - i - 35 = -5*v, 23 = v + 3*i. Suppose 5*h - j - 50 = -5*j, 2*j = -5*h + 40. Let b = v - h. List the prime factors of b.
5
Let w be -1*9/(6 + -3). Let q(d) = d**2 + 3*d + 1. Let i be q(w). List the prime factors of 22 - (-3 + i - 1).
5
Suppose 3*j - 2*v - 5013 = -4*v, 2*v = 4*j - 6684. What are the prime factors of j?
3, 557
What are the prime factors of (621/63 - 7)*(-7)/(-2)?
2, 5
Suppose -3*u - 3*i + 1938 = 0, 787 = u - 5*i + 129. List the prime factors of u.
2, 3
Let v(m) = m**2 - 8*m - 11. Suppose -147 = 7*g + 56. Let i = g + 40. What are the prime factors of v(i)?
2, 11
Suppose j - 14 = -3*p + 2*p, -4*p + 23 = j. Suppose -9*x = -j*x + 264. List the prime factors of x.
2, 3, 11
Suppose -19*b = 3*b - 25564. What are the prime factors of b?
2, 7, 83
What are the prime factors of (-1133)/22*-28 - 2*3?
2, 359
Let r be ((-3)/6)/(2/(-236)). Let p = -25 + r. What are the prime factors of p/6 + (-12)/18?
5
Let p(b) = -b**3 - 2*b**2 + 9*b - 18. List the prime factors of p(-11).
2, 3
Suppose 2*u = h - 581, -4*h - 5*u + 1715 + 570 = 0. Suppose 161 = -6*g + h. List the prime factors of g.
3, 23
List the prime factors of -4 + (1 - -8) - 996/(-2).
503
Let o(v) = -v**2 - 7*v - 1. Let c = -6 + -1. Let b be